) = u**3 - 14*u**2 + 375*u - 5251. What is r(14)?
-1
Let n(l) = 4*l**2 + 33*l + 33. Calculate n(-9).
60
Let p(b) = -2*b**2 - 36*b - 69. Give p(-8).
91
Let r(o) = 2*o**3 - 41*o**2 + 207*o + 24. Determine r(11).
2
Let a(b) = -7341*b + 44130. Determine a(6).
84
Let u(g) = -g**3 - 71*g**2 + 145*g - 94. Calculate u(-73).
-21
Let b(p) = 11*p**2 - 80*p + 74. What is b(6)?
-10
Let z(c) = -2*c**3 + 65*c**2 + 34*c - 48. Calculate z(33).
-15
Let p(y) = -2*y**3 + 9*y**2 + 10*y - 27. Calculate p(5).
-2
Let h(s) = 128*s + 1390. Give h(-12).
-146
Let c(y) = -285*y - 21951. Give c(-77).
-6
Let m(g) = g**3 + 39*g**2 - 177*g - 198. Determine m(-43).
17
Let y(s) = s**2 + 77*s + 801. What is y(-11)?
75
Let z(l) = l**2 - 469*l + 13990. Give z(32).
6
Let s(y) = -19*y**2 + 876*y - 85. What is s(46)?
7
Let f(s) = -1537*s + 3080. What is f(2)?
6
Let o(s) = 3*s - 268. What is o(19)?
-211
Let l(i) = i**2 - 39*i + 83. What is l(27)?
-241
Let t(u) = -3*u**2 - 52*u - 92. Give t(-15).
13
Let m(g) = 12*g**3 + g**2. Give m(0).
0
Let u(s) = 7*s**3 - 44*s**2 + 45*s + 60. Determine u(4).
-16
Let k(p) = 9*p - 295. Calculate k(39).
56
Let n(u) = u**3 - 29*u**2 - 58*u - 95. Calculate n(31).
29
Let b(i) = -6*i**2 + 10*i + 5. Give b(-5).
-195
Let l(c) = -16*c**2 - 107*c + 9. Determine l(-7).
-26
Let g(y) = 458*y + 915. Determine g(-2).
-1
Let f(g) = 17*g**2 + 1024*g - 1861. What is f(-62)?
-1
Let c(q) = 96*q - 44. Calculate c(2).
148
Let x(j) = -7*j**3 + 14*j**2 - 1. Calculate x(1).
6
Let n(z) = -z**3 - 4*z**2 + 7*z - 48. What is n(-6)?
-18
Let w(g) = -g**3 - 15*g**2 + 10*g - 276. What is w(-16)?
-180
Let w(v) = 2*v - 115. What is w(8)?
-99
Let b(d) = d**3 - 4*d**2 + 19*d - 163. Give b(8).
245
Let r(c) = c**2 + 15*c + 61. What is r(-9)?
7
Let z(a) = -6*a + 46. Give z(5).
16
Let i(a) = -9*a + 90. Give i(9).
9
Let y(h) = -h**2 + 66*h - 1017. Give y(25).
8
Let p(a) = a**2 + 207*a - 6057. Determine p(26).
1
Let x(r) = -7035*r + 6. What is x(0)?
6
Let m(r) = -12*r**2 + 29*r + 29. Calculate m(-1).
-12
Let t(u) = 122*u - 1004. Give t(9).
94
Let r(f) = f**2 + 29*f - 198. What is r(-35)?
12
Let y(i) = -22*i - 289. Calculate y(-6).
-157
Let z(p) = 75*p + 309. What is z(-4)?
9
Let q(z) = -z**2 + 8*z + 32. Calculate q(10).
12
Let k(v) = -v**2 + 30*v - 231. What is k(19)?
-22
Let h(b) = 2*b + 22. Give h(5).
32
Let n(m) = 2*m**3 + 195*m**2 + 2989*m + 120. What is n(-19)?
6
Let k(f) = f**3 - 61*f**2 - 3*f + 28. What is k(61)?
-155
Let m(y) = -y**3 + 10*y**2 + 56*y - 388. Give m(12).
-4
Let d(q) = q**3 - 10*q**2 + 46*q + 108. Calculate d(-2).
-32
Let a(o) = -o**3 + 12*o**2 + 54*o - 528. Give a(13).
5
Let s(v) = 43*v - 60. Determine s(-8).
-404
Let z(d) = 30*d + 2618. Calculate z(-87).
8
Let s(l) = -l**3 + 2*l**2 + 39*l + 19. Give s(8).
-53
Let r(m) = m**3 + 41*m**2 + 93*m + 584. Calculate r(-39).
-1
Let b(d) = 698*d + 2087. Determine b(-3).
-7
Let u(o) = -3555*o - 3550. Give u(-1).
5
Let r(g) = -3*g**2 - 94*g - 261. Calculate r(-3).
-6
Let t(u) = -282*u + 642. Give t(2).
78
Let a(t) = -t**3 + 31*t**2 - 20*t - 192. Give a(30).
108
Let d(v) = v**3 + 37*v**2 + 318*v - 40. Determine d(-23).
52
Let r(b) = -b**3 - 9*b**2 - 6*b - 186. Give r(-10).
-26
Let c(x) = 55*x + 4557. Determine c(-83).
-8
Let u(d) = d**2 - 295*d + 21454. Calculate u(130).
4
Let s(k) = -31*k**2 + 208*k + 88. Give s(7).
25
Let r(t) = -2*t**2 - 16*t + 64. What is r(-11)?
-2
Let y(t) = t**3 + 10*t**2 - 50*t + 7. Calculate y(-14).
-77
Let q(x) = 2*x**3 - 67*x**2 + 95*x - 46. Give q(32).
-78
Let t(n) = -n**2 - 103*n - 871. Calculate t(-10).
59
Let r(m) = -90*m - 620. Calculate r(-6).
-80
Let z(n) = -n**2 + 22*n + 527. Calculate z(36).
23
Let t(l) = 10*l**2 - 6*l - 2. Give t(3).
70
Let l(k) = -14*k**2 - 168*k - 3. Give l(-12).
-3
Let k(x) = -x**2 - 26*x + 20558. Determine k(131).
-9
Let c(w) = w**2 - 66*w + 383. Calculate c(46).
-537
Let j(l) = -l**2 + 108*l - 1955. Determine j(23).
0
Let h(i) = 69*i - 991. Calculate h(14).
-25
Let l(m) = m**2 + 86*m + 1563. Give l(-27).
-30
Let s(i) = 2*i**2 - 45*i + 120. Determine s(4).
-28
Let f(s) = -s**3 + 17*s**2 + 31*s - 397. Give f(9).
530
Let t(s) = s**3 + 29*s**2 - 169*s + 3. What is t(5)?
8
Let j(b) = -2*b + 47. What is j(-30)?
107
Let j(a) = -2*a**2 - 776*a - 9744. Calculate j(-13).
6
Let f(v) = -230*v - 53. Determine f(0).
-53
Let b(k) = -61*k - 883. Give b(-15).
32
Let p(i) = i**3 - 361*i**2 + 6804*i + 321. What is p(20)?
1
Let t(j) = 20*j + 452. Determine t(-14).
172
Let w(i) = -i**3 - 81*i**2 - i - 346. Determine w(-81).
-265
Let n(j) = 7*j**2 - 359*j + 94. What is n(51)?
-8
Let i(c) = -4*c**3 + 7*c**2 + 11*c - 30. Calculate i(2).
-12
Let o(y) = 2*y**3 + 2*y**2 - 35*y - 37. Determine o(-4).
7
Let w(g) = 39*g - 169. Calculate w(4).
-13
Let f(b) = 22*b**3 - 61*b**2 - 4*b + 2. Determine f(3).
35
Let x(r) = 17*r + 564. Calculate x(-32).
20
Let o(j) = 19*j - 12. Determine o(0).
-12
Let u(y) = 3*y**2 + 207*y - 33. Calculate u(-69).
-33
Let k(f) = 1286*f + 2475. Give k(-2).
-97
Let o(l) = -14*l**2 + 2453*l - 441. What is o(175)?
84
Let u(a) = 427*a + 2575. Calculate u(-6).
13
Let s(n) = -27*n + 154. Give s(9).
-89
Let z(y) = 167*y - 1988. Give z(12).
16
Let c(t) = 13*t + 319. Give c(-25).
-6
Let a(q) = -108*q - 98. Calculate a(-1).
10
Let g(n) = -n**3 + 8*n**2 + 3*n - 8. Determine g(6).
82
Let z(p) = -p**2 + 219*p + 3504. What is z(-15)?
-6
Let x(n) = -n**3 - 61*n**2 - 61*n + 15. Give x(-60).
75
Let b(j) = j**2 - 3*j - 6332. Calculate b(-78).
-14
Let d(g) = -g**3 + 11*g**2 - 29*g + 98. Give d(9).
-1
Let q(b) = 29*b**2 + 1530*b - 374. Give q(-53).
-3
Let s(j) = -j**2 + 22*j + 1895. Determine s(56).
-9
Let p(r) = r**3 - 35*r**2 + 28*r + 40. Determine p(34).
-164
Let u(r) = r**3 - 17*r**2 - 42*r - 4. What is u(-2)?
4
Let s(w) = w**3 + 32*w**2 + 25*w + 9. Give s(-31).
195
Let x(w) = 39*w + 2417. What is x(-63)?
-40
Let b(h) = 38*h**3 - 78*h**2 - 26*h + 60. Calculate b(2).
0
Let v(k) = -2*k**2 + 23*k - 22. Calculate v(1).
-1
Let s(k) = 2*k**2 - 65*k + 420. Calculate s(25).
45
Let s(k) = 16*k - 808. Calculate s(48).
-40
Let u(q) = -33*q + 548. Calculate u(17).
-13
Let h(r) = r**3 - 30*r**2 - 125*r + 795. What is h(33)?
-63
Let v(y) = y**3 - 9*y**2 - 16*y - 81. Give v(11).
-15
Let c(y) = y**2 + 170*y + 2047. Give c(-157).
6
Let x(j) = -j**3 - 121*j**2 + 1314*j + 515. Determine x(-131).
-9
Let s(z) = -5*z**3 + 21*z**2 - 44*z + 157. Give s(4).
-3
Let r(k) = 2*k**2 + 150*k + 2248. What is r(-21)?
-20
Let g(q) = 1518*q + 16712. What is g(-11)?
14
Let z(i) = -262*i - 1638. Calculate z(-7).
196
Let q(z) = -50*z + 42. Determine q(-2).
142
Let d(s) = -6*s - 81. Determine d(-11).
-15
Let w(f) = 19*f + 353. Give w(-13).
106
Let i(f) = 225*f**2 + 8*f - 5. Determine i(1).
228
Let l(i) = -2*i**2 - 82*i - 46. Give l(-38).
182
Let u(q) = q**2 + 19*q - 30. Determine u(7).
152
Let j(o) = -358*o + 13967. Determine j(39).
5
Let x(u) = 69*u - 1039. What is x(15)?
-4
Let b(f) = 20*f - 1954. Give b(97).
-14
Let d(z) = 51*z - 1242. Determine d(10).
-732
Let f(h) = 6*h**2 - 5*h - 49. What is f(0)?
-49
Let f(k) = k**3 - 17*k**2 + 55*k - 15. Determine f(4).
-3
Let a(b) = 6*b**2 - 109*b + 193. What is a(16)?
-15
Let v(y) = 232*y - 3246. Give v(14).
2
Let a(i) = -i**3 + 21*i**2 - 24*i + 26. Give a(22).
-986
Let k(u) = -u**3 - 4*u**2 + 25*u + 12. Determine k(-7).
-16
Let o(j) = 4*j**2 - 47*j - 5. Calculate o(12).
7
Let g(u) = -22*u - 62. Calculate g(17).
-436
Let o(x) = -x**2 + 27*x + 40. Give o(19).
192
Let i(j) = 46*j - 4524. Give i(98).
-16
Let f(x) = -42*x + 276. Calculate f(8).
-60
Let r(u) = 123*u + 1734. Determine r(-14).
12
Let o(h) = -h**3 + 11*h**2 - 22*h + 231. Determine o(11).
-11
Let p(o) = o**3 - 6*o**2 - 4*o + 6. Calculate p(5).
-39
Let n(z) = -2*z**3 - 38*z**2 - 37*z + 11. Calculate n(-18).
29
Let j(b) = -12*b**3 + 4*b - 5. Give j(2).
-93
Let z(v) = -11*v**3 - 4*v**2 + 8. Give z(2).
-96
Let y(b) = 1755*b + 8855. What is y(-5)?
80
Let c(s) = 16*s + 409. Calculate c(-27).
-23
Let t(q) = -43*q + 466. What is t(9)?
79
Let s(z) = 800*z + 4843. What is s(-6)?
43
Let o(f) = -f**3 + 15*f**2 + 20*f - 133. Give o(11).
571
Let c(q) = 2*q**2 + 22*q + 166. What is c(-17)?
370
Let a(y) = 5*y**3 + 35*y**2 + 25*y - 6. Calculate a(-6).
24
Let a(k) = -13*k**2 + 56*k - 31. What is a(8)?
-415
Let k(w) = -w**3 + 38*w**2 - 201*w + 48